 = -1606*f + 1611*f - 363615. What is the ten thousands digit of f?
7
What is the hundreds digit of (-88)/176 + 19019/2?
5
Let o = -17880 - -46729. What is the thousands digit of o?
8
Let h be 14836/28 + (-2)/(-14). Suppose 0 = -4*m + 2*c + h, 5*m = -c + 6*c + 665. What is the tens digit of m?
3
What is the tens digit of -3001*(-2)/2 + (240 - 244)?
9
Suppose c = 6*c - 10. Suppose d = -2, 2*d = b + b + c. What is the units digit of 93 + (-1)/(-3)*(b + 0)?
2
Suppose -1747*p + 57060 = -1727*p. What is the units digit of p?
3
Let c be -1 + -1 - (-144 - -1). What is the units digit of 3/((-6)/(-1928)) + (-282)/c?
2
Suppose 6*o = 3*o + 2*k + 9, 3*k = -o + 3. Suppose 9 = a - o*f, 0 = -3*a - 5*f + 6 + 7. What is the tens digit of 56 + 8/a*-3?
5
Let v(j) be the second derivative of -13*j + 0 - 1/2*j**3 - 1/4*j**4 - 2*j**2 - 1/20*j**5. What is the tens digit of v(-6)?
2
Suppose -4*p - 12027 = -5*f, 4794 = 5*f - 3*f + 4*p. Let h = 3738 - f. What is the hundreds digit of h?
3
Suppose -1 = -6*d - 13. Let f be (d/(-4))/1*8. Suppose q - 29 = -f*m, 44 = 4*q - 3*q - m. What is the units digit of q?
1
Suppose -14*w + 24 = -6*w. Suppose -j - 5*b = 4*j - 3535, -b + 2111 = w*j. What is the tens digit of j?
0
Let l be (15 + 1)*327/(-12). Let m = 267 - l. What is the hundreds digit of m?
7
Let r be -4 - 1*-3*(-8)/6. Let b be 5 + -2*(-2)/r*-4. What is the units digit of 162 - (0 - (b + -2))?
7
What is the ten thousands digit of 1395/310*615*4?
1
Let m(n) = -8*n**3 + 8*n**2 - 23*n - 347. What is the hundreds digit of m(-11)?
5
Let f = 127726 - 75072. What is the units digit of f?
4
Let p(j) be the second derivative of j**5/10 - j**4/2 - 3*j**3/2 + 7*j**2/2 - 162*j. What is the units digit of p(9)?
8
Suppose -8*h - 74 = -122. What is the units digit of (-16116)/(-238)*28/h?
6
What is the tens digit of (-48)/(-84) - ((-40)/(-14) + -3)*9334?
3
Let f = 67729 + -37160. What is the units digit of f?
9
Let a = 79216 - 19088. What is the tens digit of a?
2
Let n = -170 - -170. Suppose b + 12*b - 4953 = n. What is the hundreds digit of b?
3
Let s be (2 - 224)*(-6 + (8 - 4)). Suppose -k + 2*y + s = 0, 0 = k - 2*k - 3*y + 444. What is the units digit of k?
4
Let j be ((-39)/2 - 7)*-8. Let u = 323 - j. What is the units digit of u?
1
Let r = 59779 + -28538. What is the tens digit of r?
4
Let z = 49 + -139. Let b = -82 - z. Let x(t) = 18*t + 63. What is the hundreds digit of x(b)?
2
Suppose 6*h + 3*h - 5484 = 8*h. What is the units digit of h?
4
Suppose 37390 - 158173 = -93*c + 36*c. What is the hundreds digit of c?
1
Suppose -3*p - 47 = 379. Let j = -40 - p. Suppose -36 = -s - 4*x, -4*s + 7*x = 2*x - j. What is the tens digit of s?
2
Let h = 1529 - 1533. Suppose -4*t - 2*o - 188 = 0, -2*o = -4*o - 8. What is the tens digit of h/30 + (-1221)/t?
2
Let p = -5689 + 8393. What is the hundreds digit of 5/(30/p) + (-41)/(-123)?
4
Suppose 2*r = 5*j - 4, 4*r - 13 = -j + 1. Suppose 2*n - 4*x = 2, -2*n - 10 - j = 3*x. What is the tens digit of (890/(-15))/(1/n)?
7
Suppose 0 = -5*r - 3*n + 1526, 2*r + 12*n - 629 = 17*n. What is the units digit of r?
7
Let h = -40 - -39. Let x(l) = 130*l**3 + l + 1. Let v(s) = -129*s**3. Let c(g) = 3*v(g) + 2*x(g). What is the units digit of c(h)?
7
Let q be (-138)/(-7 - (-15 - (4 + -14 - -4))). Let k = 356 + -670. Let v = q - k. What is the tens digit of v?
4
Let g(s) = 45*s + 22. Let b be ((81/6)/9)/((-6)/(-28)). Let a be g(b). Suppose a = 4*h + 65. What is the units digit of h?
8
Suppose -52*a = -44*a + 2712. Let w = -319 - a. What is the units digit of w?
0
Suppose -4*q + 2 = -3*q. Suppose -2*y = -13*y + 220. Suppose -2*p + y = h, 0 = 4*p - q*p - 5*h - 8. What is the units digit of p?
9
Suppose -3273 = -5*z - 2*y + 1909, -y = 3*z - 3110. Suppose 7*c - 2175 = z. What is the units digit of c?
9
Suppose 2*y + 160 = 3*d - 0*y, 4*d = 2*y + 212. Let a = -48 + d. What is the units digit of -2 + (108 - a) + 0 + -1?
1
Suppose 3*r + t = 3240, -4*r + r + 3237 = 2*t. Let q = -719 + r. What is the units digit of q?
2
Let n(u) = -u**3 + 8*u**2 - 8*u - 8. Let p be n(7). Let o be (-228)/20 + (-6)/p. Let x = o + 60. What is the units digit of x?
9
Let h(n) = 5*n**3 - 7*n**2 + 17*n - 11. Let d(m) = -m**3 - 2*m**2 + 21*m - 12. Let g be d(-6). What is the units digit of h(g)?
9
Suppose 4*n + 32791 = -5*t + 208853, 3*t + 87998 = 2*n. What is the hundreds digit of n?
0
Let n be (-3)/30*-14*5. Suppose -n*j + 25 = -2*j. Suppose x - 52 = -2*g, j*x - 339 = 3*g - 53. What is the tens digit of x?
5
Suppose 0 = -3*g + 137 + 358. Let k = 728 - g. Suppose 4*t + 15 = -5*q + k, t - 3*q = 120. What is the units digit of t?
2
Let y(g) = -11*g + 101. Let c be y(9). Suppose n + 3 = 6, -5*v + c*n + 354 = 0. What is the tens digit of v?
7
Let w be ((-11)/5)/((-3)/15). Let p(d) = -d**3 + 10*d**2 + 9*d + 24. Let a be p(w). What is the tens digit of 1 + 6176/72 + a/9?
8
Let b = -6177 + 12974. What is the units digit of b?
7
What is the thousands digit of (0 + 5 + -903)/(4/(-116))?
6
Let z = 13 - 6. Let k be (-475)/380 + (-267)/(-12). Suppose j - k = z. What is the units digit of j?
8
Suppose -24 + 156 = -22*x. What is the tens digit of x/10 - (-6)/(210/8561)?
4
Let k = 3967 + -3972. Let h(u) = 15 - 4*u + u**2 - u - 4. What is the tens digit of h(k)?
6
Suppose 42873 = 3*k + 2*w, 3*w - 22235 = -2*k + 6337. What is the hundreds digit of k?
2
Let k be (-2)/((-9)/(-6 - -1590)). Suppose 0 = -23*f + 22*f + k. What is the units digit of f?
2
Let x(c) be the first derivative of -3*c**2 - 4*c - 14. Let y be x(-2). Suppose 246 = y*f - 274. What is the units digit of f?
5
Suppose -2*b = -3*v + 67884, 120*b + 22626 = v + 119*b. What is the hundreds digit of v?
6
What is the units digit of (5 - -94)*(-10)/7*(-6195)/45?
0
Suppose 0 = -5*c + 115 + 200. Let l = -61 + c. What is the units digit of (l/(32/(-36)))/((-9)/192)?
8
Let r(f) = -22184*f + 281. What is the tens digit of r(-2)?
4
Suppose 6*g - 7 = 23. Suppose 5*c + 25 = 5*w, g + 10 = -5*w - 3*c. Suppose w = l + p - 16, -9 = -l + 4*p + 27. What is the units digit of l?
0
Let h(u) = 4*u**3 + 2*u**2 - 11*u + 16. Let t be h(2). Suppose 3*w + 4425 = t*g - 30*g, -5*w = -g + 1085. What is the units digit of g?
0
Let i(d) = -d**3 - d**2 + d - 3. Let v be i(0). What is the tens digit of 172 + 1 + (v - -3)?
7
Let d(h) = -81*h + 4. Let z be d(-1). Let i be 3/3*1*-18. Let f = i + z. What is the units digit of f?
7
Let c(j) = 186*j - 3460. What is the tens digit of c(38)?
0
Let k(r) = -280*r - 4 - 13 + 7 - 24. What is the units digit of k(-2)?
6
Let a = 666 - -1902. What is the thousands digit of a?
2
Let b = 72529 - 21947. What is the thousands digit of b?
0
Suppose 8*q = -0*q + 32. Suppose 308 = q*s + 3*a, -2*a - 210 = -3*s + 38. What is the units digit of s?
0
Let u be (9/2)/((-10)/(-40)). Suppose 4*c = 2*d - 0*c - u, -5*d - 2*c - 3 = 0. What is the hundreds digit of (-488)/(-4) + (-1)/(d/3)?
1
Suppose 260*y - 278*y + 157752 = 0. What is the tens digit of y?
6
Suppose -j - 2*i = -0*j + 15, 25 = -5*i. Let a be (-10)/50 + (-461)/j. Suppose -u + 15 = -a. What is the tens digit of u?
0
Suppose 0 = 3*q + 564*p - 565*p - 37461, 0 = -4*q + 3*p + 49958. What is the hundreds digit of q?
4
Suppose 63*w + 2*b + 47166 = 68*w, -5*w - b + 47172 = 0. What is the thousands digit of w?
9
Let i = -8747 + 21715. What is the tens digit of i?
6
Suppose -2*r - 16 = -2*o + 2, 5*o = -r + 3. Let n = 11 + r. Suppose 4*x - 319 = -5*g, 2*x - 3*x + n*g + 85 = 0. What is the tens digit of x?
8
Let c be -5 - (-1 + -5 - -1). Suppose -12*m + 1650 + 966 = c. What is the hundreds digit of m?
2
Let y = -108 + 25. Let m = y - -83. Suppose m = u - 5*u + 648. What is the units digit of u?
2
What is the hundreds digit of (-70)/49 + 666375/105?
3
Let g = 10215 + -7264. Suppose 397 = 4*v - 4*m - g, 4*m = -2*v + 1698. What is the hundreds digit of v?
8
Let d = 18 + 373. Suppose -4*t = -37 - d. What is the hundreds digit of t?
1
Suppose 0 = -3594*r + 3566*r + 1851976. What is the units digit of r?
2
Let o(g) be the second derivative of -2*g**3/3 - 21*g**2/2 + 35*g. Let x be o(-8). Suppose -x - 46 = -s. What is the units digit of s?
7
Let b be (-2)/4 + ((-2284)/(-8) - -5). Let s = b + 131. What is the units digit of s?
1
Suppose -4 = h + 30. Let j be 3 + (-87)/27 + (-6546)/(-54). Let d = h + j. What is the